d j?
26
Let y = -37 + 86. Suppose 0 = -3*b + 2*l + 56 + y, b = l + 35. Suppose b = w + 11. What is the greatest common divisor of w and 3?
3
Let d = 1153 + -802. Let y(m) = -47*m - 666. Let f be y(-15). What is the greatest common factor of d and f?
39
Suppose h + 4*n = 205, 3*h - 6*h = 2*n - 655. What is the highest common divisor of h and 17?
17
Suppose 20*p - 3*t - 786 = 17*p, t = 5*p - 1318. What is the highest common factor of p and 33?
33
Let m(t) = -10 + 9 + 15 + 155*t. Let s be m(-7). Let h be (s/2)/9*-2. Calculate the greatest common divisor of h and 17.
17
Let q(j) = 154*j**3 - 2*j + 2. Let m = 5 + -4. Let d be q(m). Let i(b) = -b**2 + 8*b + 2. Let p be i(6). Calculate the highest common factor of d and p.
14
Let v(f) = -53*f - 575. Let w be v(-11). What is the highest common divisor of w and 268?
4
Suppose -316*t = -318*t + 32. Calculate the greatest common divisor of 184 and t.
8
Let y(d) = d**2 + 22*d + 17. Let f be y(-24). Calculate the highest common divisor of 13 and f.
13
Let n be 54*((-24)/(-60))/((-4)/(-5)). Let o = n - 11. Calculate the highest common factor of 128 and o.
16
Let j(m) = m + 3. Let a be j(9). Let n(z) = -z**2 + 13*z - 4. Let q be n(a). What is the highest common factor of 1 and q?
1
Let c(y) = y**2 - 8*y - 138. Let w be c(-9). Suppose -5*o + 3*a = 8*a - 45, 3*o - 32 = 2*a. Calculate the highest common divisor of w and o.
5
Suppose 2*m - 6 = -m. Let q be (-1 - -2)/(m/60). Calculate the greatest common divisor of 45 and q.
15
Let s be ((-74)/(-111))/((-2)/(-6)). Calculate the greatest common factor of 146 and s.
2
Suppose -20*z = 27 - 347. What is the highest common divisor of 128 and z?
16
Suppose -21*u = 4*u - 425. Suppose 2*q = q - 111. Let n = 162 + q. What is the greatest common divisor of n and u?
17
Let x(m) = -51*m - 393. Let t be x(-43). Calculate the highest common divisor of t and 80.
40
Suppose -3*y + 2*m + 58 = 3, 21 = y - 2*m. Suppose 6*b = 13 + y. What is the greatest common factor of b and 40?
5
Let n(u) = 2*u**3 - 27*u**2 + 10*u + 44. Let o be n(13). Calculate the greatest common divisor of 6 and o.
1
Let a(x) = -3*x**3 - x**2 - 2*x - 2. Let o be a(-2). Let m be 0 - -5 - (73 + -182) - 4. What is the highest common divisor of o and m?
22
Let v = -101 + 101. Suppose v = -i + 11 + 11. Suppose -5*m - 2*s + 328 = -3*s, -2*m + 3*s + 126 = 0. What is the greatest common factor of i and m?
22
Let r be (-142275)/(-375) + (-7)/5. Calculate the highest common factor of r and 54.
54
Let h(p) = 3*p - 23. Let v be h(8). Let s be 7*((-2 - v) + 4). Calculate the highest common factor of 7 and s.
7
Suppose -5 = -3*x + 19. Suppose -5*z + x = -z. Let r = -56 + 61. Calculate the greatest common factor of z and r.
1
Let g be (-77)/(-1) + (-2)/(2 + -1). Suppose 16*j - 15*j - g = 0. What is the greatest common divisor of 15 and j?
15
Suppose 4*p = -4*h + 40, 2*p - 5*p + 26 = 5*h. What is the greatest common factor of p and 9?
3
Let a(c) = -6*c**3 + 2*c**2 + 3*c. Let l be a(-1). Let s be 23*1 + 1*-1. Let o = l + s. Calculate the greatest common factor of 9 and o.
9
Suppose 10*m = 5*m + 495. Let a be (-32)/112 + 158/14. What is the highest common factor of a and m?
11
Let o(z) = -15*z - 226. Let v be o(-16). Calculate the highest common factor of 469 and v.
7
Let t be (4/(-12))/(3/(-954)). Let b = 205 - t. Calculate the greatest common divisor of b and 33.
33
Let h(b) be the first derivative of b**4/4 + 11*b**3/3 + 2*b**2 - 2*b - 25. Let l be h(-4). Calculate the highest common divisor of l and 141.
47
Suppose 12*t = -10*t + 220. Let p be 255 + 2 - (0 + 2). Suppose 0 = 7*w - t*w + p. Calculate the greatest common factor of 34 and w.
17
Let z be (-88)/(-48) + (4/(-2))/(-12). Suppose 0 = -z*f - 35 + 95. Let c = -44 + 89. Calculate the greatest common factor of f and c.
15
Let f be (-126)/4*(-32)/24. Let q be 1 + (-189)/(-3) + -1. Calculate the greatest common factor of f and q.
21
Suppose -i - 5*o = i - 26, 5*o - 10 = 0. What is the highest common factor of 32 and i?
8
Let d = 234 - 166. Suppose -o = o + 2*k - d, o - 3*k - 26 = 0. Suppose -4*a - 3*b = -7, 3*a - 1 - 5 = -2*b. What is the greatest common divisor of o and a?
4
Let y = -154 - -158. Calculate the greatest common divisor of y and 22.
2
Suppose 3*h + 4*a - 26 = 0, -5*h + a + 35 = 6*a. Let m(c) = -h*c - 7*c - 4 - c**2 + c. Let v be m(-4). Calculate the greatest common factor of 96 and v.
12
Let k be (-45)/(-4) + -48*22/(-1408). Let a be (-2)/(-4) + 94/4. What is the highest common factor of k and a?
12
Let h(w) = -2*w + 33. Let r = 102 + -91. Let f be h(r). What is the greatest common divisor of f and 44?
11
Let g(d) = -10*d - 3. Let b be 0 + 2/1 + -2 + -1. Let t be g(b). Calculate the highest common divisor of t and 14.
7
Let t(c) be the second derivative of 3*c**5/20 - c**4/6 + 4*c. Suppose 18 - 10 = 4*b. Let i be t(b). Calculate the highest common factor of 128 and i.
16
Let l be 144/(-16) - (0 - 12). Calculate the highest common divisor of 3 and l.
3
Let d(x) = -x**2 + 10*x - 5. Let c be d(7). Suppose 36 + c = 4*o. Suppose -26*k = -30*k + 104. Calculate the greatest common factor of o and k.
13
Let s be (-3 + 5)/(-2) + 8. Suppose -5*z - 2*x + s = 2*x, -4*z + 6 = 3*x. Let t be ((-1)/2)/(z/(-30)). Calculate the greatest common divisor of 35 and t.
5
Suppose 8*a + 720 = 2*a. Suppose -674 = -4*u + 466. Let q = u + a. What is the greatest common divisor of 66 and q?
33
Let q(k) = k**3 + 35*k**2 - k - 23. Let i be q(-35). Calculate the highest common divisor of 156 and i.
12
Let q(j) = j**3 + j**2 + 4*j. Let k be q(-3). Let a be (k/35)/((-2)/7). Calculate the greatest common divisor of 21 and a.
3
Let p = 24 + -14. Let x be 0/(-1)*(-8 - -7). Suppose -3*v + 152 - 2 = x. Calculate the greatest common divisor of p and v.
10
Let r(n) = 22*n - 720. Let c be r(40). What is the greatest common factor of 560 and c?
80
Let b(n) = -4*n**2 + 61*n - 9. Let m be b(15). Suppose -2*i = 3*d + i - 9, -3*d + m = 4*i. What is the highest common divisor of d and 102?
6
Let z be (3/6 - 7/14) + 36. What is the greatest common divisor of 4 and z?
4
Let c be -30*((-8)/(-10))/((-36)/180). Calculate the highest common divisor of 420 and c.
60
Let u = 22 + -15. Suppose 5*n + 4 = u*n. Suppose 3 = n*r - 41. What is the greatest common divisor of 66 and r?
22
Let h(y) be the third derivative of -11*y**4/24 - 20*y**3/3 - 22*y**2. Let k be h(-6). What is the greatest common divisor of 338 and k?
26
Let u be (-1)/(-2 + 6) + (-488)/(-32). What is the greatest common divisor of 80 and u?
5
Let f = 22 + -18. Suppose 0 = -0*w - f*w. Suppose w = 5*j - 396 - 79. Calculate the highest common factor of 19 and j.
19
Let x be 9/6 - (-55)/10. Let v be (24/x)/((-16)/(-56)). Calculate the highest common divisor of 132 and v.
12
Suppose 2*i - 29 = v, 2*v - 57 = 3*v + 5*i. Let a = v + 77. Let q be ((-16)/4)/(2/(-5)). Calculate the greatest common factor of q and a.
10
Suppose 0 = 5*f - 5*g - 665, -1 + 6 = g. What is the highest common divisor of f and 24?
6
Suppose -3*v + 2*p = -293 - 105, -2*v = 4*p - 260. Let j = 93 + -60. What is the highest common factor of v and j?
33
Let z(h) = -21*h + 29*h**2 - 30*h**2 + 4 + 2. Let v be z(-21). What is the greatest common factor of v and 15?
3
Let m(t) = -90*t + 26. Let b be m(-7). Calculate the greatest common divisor of b and 41.
41
Suppose 0*c + 109 = 4*c - 3*i, -4*c - 5*i = -85. Calculate the highest common divisor of 425 and c.
25
Let t be (-174)/(-54) + 2/(-9). Let h(v) = -v**3 + 2*v**2 + 2*v + 3. Let c be h(t). Suppose c*i = 6*i - 78. What is the greatest common factor of i and 130?
13
Suppose 3*b = -3*i + 6, 0 = 3*b - 2*i + 3*i - 8. Suppose 2*y + 20 = 2*c + 6*y, -b*c + 4*y = -50. Calculate the greatest common factor of c and 154.
14
Suppose 0 = 4*m - 8, -245*a + m + 152 = -243*a. Suppose 28 = h - 2*z, -h = 4*h + 3*z - 101. Calculate the highest common divisor of a and h.
11
Let m(o) = -o**3 - o + 17. Let i be (2 + 13)*(-12)/(-20). Let w = i - 9. Let r be m(w). What is the highest common factor of r and 136?
17
Let o = 294 - 281. Calculate the greatest common divisor of 143 and o.
13
Let m(q) = 40*q + 49*q + 25 - 27 + 22*q. Let j be m(2). Let w be (24 - 1) + -3*1. What is the highest common factor of w and j?
20
Let a(y) = -2*y**2 + 11*y + 19. Let d(u) = 2*u*